{"id":1005,"date":"2025-02-07T11:08:49","date_gmt":"2025-02-07T11:08:49","guid":{"rendered":"https:\/\/ex-coders.com\/wp\/kanun\/?page_id=1005"},"modified":"2026-01-06T13:39:04","modified_gmt":"2026-01-06T13:39:04","slug":"kontakt","status":"publish","type":"page","link":"https:\/\/affectionate-beaver.83-171-239-27.plesk.page\/index.php\/kontakt\/","title":{"rendered":"Kontakt"},"content":{"rendered":"\t\t<div data-elementor-type=\"wp-page\" data-elementor-id=\"1005\" class=\"elementor elementor-1005\" data-elementor-post-type=\"page\">\n\t\t\t\t<div class=\"elementor-element elementor-element-85a1d1f e-flex e-con-boxed e-con e-parent\" data-id=\"85a1d1f\" data-element_type=\"container\">\n\t\t\t\t\t<div class=\"e-con-inner\">\n\t\t<div class=\"elementor-element elementor-element-f7b05d0 e-con-full e-flex e-con e-child\" data-id=\"f7b05d0\" data-element_type=\"container\">\n\t\t\t\t<div class=\"elementor-element elementor-element-fecd2f1 elementor-widget elementor-widget-heading\" data-id=\"fecd2f1\" data-element_type=\"widget\" data-widget_type=\"heading.default\">\n\t\t\t\t\t<span class=\"elementor-heading-title elementor-size-default\">Kontaktieren sie uns\n<\/span>\t\t\t\t<\/div>\n\t\t\t\t<div class=\"elementor-element elementor-element-7f7844e elementor-widget elementor-widget-heading\" data-id=\"7f7844e\" data-element_type=\"widget\" data-widget_type=\"heading.default\">\n\t\t\t\t\t<h2 class=\"elementor-heading-title elementor-size-default\">Ihre Vorteile mit uns\n<\/h2>\t\t\t\t<\/div>\n\t\t\t\t<div class=\"elementor-element elementor-element-1fc4473 elementor-widget elementor-widget-heading\" data-id=\"1fc4473\" data-element_type=\"widget\" data-widget_type=\"heading.default\">\n\t\t\t\t\t<p class=\"elementor-heading-title elementor-size-default\">Profitieren Sie von unserer langj\u00e4hrigen Erfahrung, pers\u00f6nlicher Beratung und ma\u00dfgeschneiderten L\u00f6sungen, die Ihre Interessen optimal vertreten.\n\n<\/p>\t\t\t\t<\/div>\n\t\t\t\t<div class=\"elementor-element elementor-element-cdfbc75 elementor-view-stacked elementor-position-left elementor-shape-circle elementor-mobile-position-top elementor-widget elementor-widget-icon-box\" data-id=\"cdfbc75\" data-element_type=\"widget\" data-widget_type=\"icon-box.default\">\n\t\t\t\t\t\t\t<div class=\"elementor-icon-box-wrapper\">\n\n\t\t\t\t\t\t<div class=\"elementor-icon-box-icon\">\n\t\t\t\t<span  class=\"elementor-icon\">\n\t\t\t\t<i aria-hidden=\"true\" class=\" flaticon-handshake\"><\/i>\t\t\t\t<\/span>\n\t\t\t<\/div>\n\t\t\t\n\t\t\t\t\t\t<div class=\"elementor-icon-box-content\">\n\n\t\t\t\t\t\t\t\t\t<h3 class=\"elementor-icon-box-title\">\n\t\t\t\t\t\t<span  >\n\t\t\t\t\t\t\t5400+ Projekte\t\t\t\t\t\t<\/span>\n\t\t\t\t\t<\/h3>\n\t\t\t\t\n\t\t\t\t\t\t\t\t\t<p class=\"elementor-icon-box-description\">\n\t\t\t\t\t\tVon Versicherungen und Altersvorsorge bis hin zu Verm\u00f6gensplanung und Sicherheit \u2013 unsere Erfahrung spricht f\u00fcr sich.\n\n\t\t\t\t\t<\/p>\n\t\t\t\t\n\t\t\t<\/div>\n\t\t\t\n\t\t<\/div>\n\t\t\t\t\t\t<\/div>\n\t\t\t\t<div class=\"elementor-element elementor-element-31c2dbc elementor-view-stacked elementor-position-left elementor-shape-circle elementor-mobile-position-top elementor-widget elementor-widget-icon-box\" data-id=\"31c2dbc\" data-element_type=\"widget\" data-widget_type=\"icon-box.default\">\n\t\t\t\t\t\t\t<div class=\"elementor-icon-box-wrapper\">\n\n\t\t\t\t\t\t<div class=\"elementor-icon-box-icon\">\n\t\t\t\t<span  class=\"elementor-icon\">\n\t\t\t\t<i aria-hidden=\"true\" class=\" flaticon-feedback\"><\/i>\t\t\t\t<\/span>\n\t\t\t<\/div>\n\t\t\t\n\t\t\t\t\t\t<div class=\"elementor-icon-box-content\">\n\n\t\t\t\t\t\t\t\t\t<h3 class=\"elementor-icon-box-title\">\n\t\t\t\t\t\t<span  >\n\t\t\t\t\t\t\t3600+ Gl\u00fcckliche Mandanten\t\t\t\t\t\t<\/span>\n\t\t\t\t\t<\/h3>\n\t\t\t\t\n\t\t\t\t\t\t\t\t\t<p class=\"elementor-icon-box-description\">\n\t\t\t\t\t\tZufriedene Mandanten aus den Bereichen Versicherung, Vorsorge und Finanzsicherheit vertrauen seit Jahren auf unsere Expertise.\n\n\t\t\t\t\t<\/p>\n\t\t\t\t\n\t\t\t<\/div>\n\t\t\t\n\t\t<\/div>\n\t\t\t\t\t\t<\/div>\n\t\t\t\t<\/div>\n\t\t<div class=\"elementor-element elementor-element-9f5a1cc e-con-full e-flex e-con e-child\" data-id=\"9f5a1cc\" data-element_type=\"container\">\n\t\t\t\t<div class=\"elementor-element elementor-element-60d7459 elementor-widget elementor-widget-kanun-contact-form-widget\" data-id=\"60d7459\" data-element_type=\"widget\" data-widget_type=\"kanun-contact-form-widget.default\">\n\t\t\t\t<div class=\"elementor-widget-container\">\n\t\t\t\t\t\r\n\r\n\t\r\n\r\n\t<div class=\"appointment-wrapper\">\r\n\t\t<div class=\"contact-content\">\r\n\t\t\t<span class=\"wow fadeInUp\" data-wow-delay=\".3s\">Haben Sie Fragen?<\/span>\r\n\t\t\t<h3 class=\"wow fadeInUp\" data-wow-delay=\".5s\">\r\n\t\t\t\tTermin vereinbaren\n\t\t\t<\/h3>\r\n\t\t\t\n<div class=\"wpcf7 no-js\" id=\"wpcf7-f649-o1\" lang=\"en-US\" dir=\"ltr\" data-wpcf7-id=\"649\">\n<div class=\"screen-reader-response\"><p role=\"status\" aria-live=\"polite\" aria-atomic=\"true\"><\/p> <ul><\/ul><\/div>\n<form action=\"\/index.php\/wp-json\/wp\/v2\/pages\/1005#wpcf7-f649-o1\" method=\"post\" class=\"wpcf7-form init\" aria-label=\"Contact form\" novalidate=\"novalidate\" data-status=\"init\">\n<fieldset class=\"hidden-fields-container\"><input type=\"hidden\" name=\"_wpcf7\" value=\"649\" \/><input type=\"hidden\" name=\"_wpcf7_version\" value=\"6.1.1\" \/><input type=\"hidden\" name=\"_wpcf7_locale\" value=\"en_US\" \/><input type=\"hidden\" name=\"_wpcf7_unit_tag\" value=\"wpcf7-f649-o1\" \/><input type=\"hidden\" name=\"_wpcf7_container_post\" value=\"0\" \/><input type=\"hidden\" name=\"_wpcf7_posted_data_hash\" value=\"\" \/>\n<\/fieldset>\n<div class=\"contact-form-items\">\n\t<div class=\"row g-4\">\n\t\t<div class=\"col-lg-6 wow fadeInUp\" data-wow-delay=\".3s\">\n\t\t\t<div class=\"form-clt\">\n\t\t\t\t<span class=\"wpcf7-form-control-wrap\" data-name=\"text-995\"><input size=\"40\" maxlength=\"400\" class=\"wpcf7-form-control wpcf7-text\" aria-invalid=\"false\" placeholder=\"Ihr Name\" value=\"\" type=\"text\" name=\"text-995\" \/><\/span>\n\t\t\t<\/div>\n\t\t<\/div>\n\t\t<div class=\"col-lg-6 wow fadeInUp\" data-wow-delay=\".5s\">\n\t\t\t<div class=\"form-clt\">\n\t\t\t\t<span class=\"wpcf7-form-control-wrap\" data-name=\"email-97\"><input size=\"40\" maxlength=\"400\" class=\"wpcf7-form-control wpcf7-email wpcf7-validates-as-required wpcf7-text wpcf7-validates-as-email\" aria-required=\"true\" aria-invalid=\"false\" placeholder=\"E-Mail Adresse\" value=\"\" type=\"email\" name=\"email-97\" \/><\/span>\n\t\t\t<\/div>\n\t\t<\/div>\n\t\t<div class=\"col-lg-6 wow fadeInUp\" data-wow-delay=\".3s\">\n\t\t\t<div class=\"form-clt\">\n\t\t\t\t<span class=\"wpcf7-form-control-wrap\" data-name=\"tel-119\"><input size=\"40\" maxlength=\"400\" class=\"wpcf7-form-control wpcf7-tel wpcf7-text wpcf7-validates-as-tel\" aria-invalid=\"false\" placeholder=\"Telefon\" value=\"\" type=\"tel\" name=\"tel-119\" \/><\/span>\n\t\t\t<\/div>\n\t\t<\/div>\n\t\t<div class=\"col-lg-6 wow fadeInUp\" data-wow-delay=\".5s\">\n\t\t\t<div class=\"form-clt\">\n\t\t\t\t<span class=\"wpcf7-form-control-wrap\" data-name=\"text-522\"><input size=\"40\" maxlength=\"400\" class=\"wpcf7-form-control wpcf7-text\" aria-invalid=\"false\" placeholder=\"Thema\" value=\"\" type=\"text\" name=\"text-522\" \/><\/span>\n\t\t\t<\/div>\n\t\t<\/div>\n\t\t<div class=\"col-lg-12 wow fadeInUp\" data-wow-delay=\".3s\">\n\t\t\t<div class=\"form-clt\">\n\t\t\t<span class=\"wpcf7-form-control-wrap\" data-name=\"textarea-694\"><textarea cols=\"40\" rows=\"10\" maxlength=\"2000\" class=\"wpcf7-form-control wpcf7-textarea wpcf7-validates-as-required\" aria-required=\"true\" aria-invalid=\"false\" placeholder=\"Ihre Nachricht\" name=\"textarea-694\"><\/textarea><\/span>\n\t\t\t<\/div>\n\t\t<\/div>\n\t\t<div class=\"col-lg-12 wow fadeInUp\" data-wow-delay=\".5s\">\n\t\t\t<button type=\"submit\" class=\"theme-btn\">\n\t\t\t\t\tSenden\n\t\t\t\t\t<i class=\"fa-solid fa-arrow-right\"><\/i>\n\t\t\t<\/button>\n\t\t<\/div>\n\t<\/div>\n<\/div><div class=\"wpcf7-response-output\" aria-hidden=\"true\"><\/div>\n<\/form>\n<\/div>\n\t\t<\/div>\r\n\t<\/div>\r\n\r\n\t\r\n\r\n             \r\n\t\t\t\t\t\t<\/div>\n\t\t\t\t<\/div>\n\t\t\t\t<\/div>\n\t\t\t\t\t<\/div>\n\t\t\t\t<\/div>\n\t\t<div class=\"elementor-element elementor-element-d73275a e-con-full e-flex e-con e-parent\" data-id=\"d73275a\" data-element_type=\"container\">\n\t\t<div class=\"elementor-element elementor-element-40606f7 e-con-full e-flex e-con e-child\" data-id=\"40606f7\" data-element_type=\"container\">\n\t\t\t\t<div class=\"elementor-element elementor-element-c416206 elementor-widget elementor-widget-google_maps\" data-id=\"c416206\" data-element_type=\"widget\" data-widget_type=\"google_maps.default\">\n\t\t\t\t\t\t\t<div class=\"elementor-custom-embed\">\n\t\t\t<iframe loading=\"lazy\"\n\t\t\t\t\tsrc=\"https:\/\/maps.google.com\/maps?q=Am%20Alten%20S%C3%A4gewerk%206%2C%2044795%20Bochum&#038;t=m&#038;z=10&#038;output=embed&#038;iwloc=near\"\n\t\t\t\t\ttitle=\"Am Alten S\u00e4gewerk 6, 44795 Bochum\"\n\t\t\t\t\taria-label=\"Am Alten S\u00e4gewerk 6, 44795 Bochum\"\n\t\t\t><\/iframe>\n\t\t<\/div>\n\t\t\t\t\t\t<\/div>\n\t\t\t\t<\/div>\n\t\t<div class=\"elementor-element elementor-element-667129e e-con-full e-flex e-con e-child\" data-id=\"667129e\" data-element_type=\"container\">\n\t\t\t\t<div class=\"elementor-element elementor-element-3edd365 elementor-widget elementor-widget-google_maps\" data-id=\"3edd365\" data-element_type=\"widget\" data-widget_type=\"google_maps.default\">\n\t\t\t\t\t\t\t<div class=\"elementor-custom-embed\">\n\t\t\t<iframe loading=\"lazy\"\n\t\t\t\t\tsrc=\"https:\/\/maps.google.com\/maps?q=Am%20Wickrather%20Tor%2017%2C%2041179%20M%C3%B6nchengladbach&#038;t=m&#038;z=10&#038;output=embed&#038;iwloc=near\"\n\t\t\t\t\ttitle=\"Am Wickrather Tor 17, 41179 M\u00f6nchengladbach\"\n\t\t\t\t\taria-label=\"Am Wickrather Tor 17, 41179 M\u00f6nchengladbach\"\n\t\t\t><\/iframe>\n\t\t<\/div>\n\t\t\t\t\t\t<\/div>\n\t\t\t\t<\/div>\n\t\t\t\t<\/div>\n\t\t\t\t<\/div>\n\t\t","protected":false},"excerpt":{"rendered":"<p>Kontaktieren sie uns Ihre Vorteile mit uns Profitieren Sie von unserer langj\u00e4hrigen Erfahrung, pers\u00f6nlicher Beratung und ma\u00dfgeschneiderten L\u00f6sungen, die Ihre Interessen optimal vertreten. 5400+ Projekte Von Versicherungen und Altersvorsorge bis hin zu Verm\u00f6gensplanung und Sicherheit \u2013 unsere Erfahrung spricht f\u00fcr sich. 3600+ Gl\u00fcckliche Mandanten Zufriedene Mandanten aus den Bereichen Versicherung, Vorsorge und Finanzsicherheit vertrauen seit<\/p>\n","protected":false},"author":1,"featured_media":0,"parent":0,"menu_order":0,"comment_status":"closed","ping_status":"closed","template":"elementor_header_footer","meta":{"inline_featured_image":false,"footnotes":""},"class_list":["post-1005","page","type-page","status-publish","hentry"],"aioseo_notices":[],"_links":{"self":[{"href":"https:\/\/affectionate-beaver.83-171-239-27.plesk.page\/index.php\/wp-json\/wp\/v2\/pages\/1005","targetHints":{"allow":["GET"]}}],"collection":[{"href":"https:\/\/affectionate-beaver.83-171-239-27.plesk.page\/index.php\/wp-json\/wp\/v2\/pages"}],"about":[{"href":"https:\/\/affectionate-beaver.83-171-239-27.plesk.page\/index.php\/wp-json\/wp\/v2\/types\/page"}],"author":[{"embeddable":true,"href":"https:\/\/affectionate-beaver.83-171-239-27.plesk.page\/index.php\/wp-json\/wp\/v2\/users\/1"}],"replies":[{"embeddable":true,"href":"https:\/\/affectionate-beaver.83-171-239-27.plesk.page\/index.php\/wp-json\/wp\/v2\/comments?post=1005"}],"version-history":[{"count":19,"href":"https:\/\/affectionate-beaver.83-171-239-27.plesk.page\/index.php\/wp-json\/wp\/v2\/pages\/1005\/revisions"}],"predecessor-version":[{"id":1589,"href":"https:\/\/affectionate-beaver.83-171-239-27.plesk.page\/index.php\/wp-json\/wp\/v2\/pages\/1005\/revisions\/1589"}],"wp:attachment":[{"href":"https:\/\/affectionate-beaver.83-171-239-27.plesk.page\/index.php\/wp-json\/wp\/v2\/media?parent=1005"}],"curies":[{"name":"wp","href":"https:\/\/api.w.org\/{rel}","templated":true}]}}