{"id":1390,"date":"2025-11-27T08:38:11","date_gmt":"2025-11-27T08:38:11","guid":{"rendered":"https:\/\/affectionate-beaver.83-171-239-27.plesk.page\/?page_id=1390"},"modified":"2025-11-27T08:55:29","modified_gmt":"2025-11-27T08:55:29","slug":"impressum","status":"publish","type":"page","link":"https:\/\/affectionate-beaver.83-171-239-27.plesk.page\/index.php\/impressum\/","title":{"rendered":"Impressum"},"content":{"rendered":"\t\t<div data-elementor-type=\"wp-page\" data-elementor-id=\"1390\" class=\"elementor elementor-1390\" data-elementor-post-type=\"page\">\n\t\t\t\t<div class=\"elementor-element elementor-element-a87c9f4 e-flex e-con-boxed e-con e-parent\" data-id=\"a87c9f4\" data-element_type=\"container\">\n\t\t\t\t\t<div class=\"e-con-inner\">\n\t\t\t\t<div class=\"elementor-element elementor-element-51f5140 elementor-widget elementor-widget-heading\" data-id=\"51f5140\" data-element_type=\"widget\" data-widget_type=\"heading.default\">\n\t\t\t\t\t<h2 class=\"elementor-heading-title elementor-size-default\">Hier finden Sie das Impressum der\nKKP Kanzleien in M\u00f6nchengladbach und Bochum\n<\/h2>\t\t\t\t<\/div>\n\t\t\t\t<div class=\"elementor-element elementor-element-7f6065f elementor-widget elementor-widget-text-editor\" data-id=\"7f6065f\" data-element_type=\"widget\" data-widget_type=\"text-editor.default\">\n\t\t\t\t\t\t\t\t\t<p>Impressum und Disclaimer, sowie erforderliche Angaben gem\u00e4\u00df \u00a7\u00a7 5,6 TMG (Telemediengesetz).\u00a0<\/p><div>Diese Website enth\u00e4lt Informationen zum Gebiet Versicherungsrecht. Diese Inhalte erheben keinen Anspruch auf Vollst\u00e4ndigkeit und sind nicht als professionelle Rechtsberatung f\u00fcr Versicherungsfragen zu verstehen; eine Haftung wird insoweit ausgeschlossen. Bevor Sie aufgrund einer Information unserer Homepage aktiv werden, sollten Sie sich eingehend rechtlich beraten lassen.\u00a0<\/div><div>\u00a0<\/div><div>Nachstehend finden Sie die gesetzlich vorgeschriebenen Angaben nach \u00a7\u00a7 5, 6 TMG. Die nachstehenden beiden Personen sind au\u00dferdem Verpflichtete im Sinne von \u00a7 2 Absatz 1 Nr. 8 GwG und als solche im Transparenzregister registriert. Verantwortlicher i.S.d. \u00a7 18 Abs. 2 MStV ist Herr Marco Krieter, Am Alten S\u00e4gewerk 6, 44795 Bochum. Bei R\u00fcckfragen kontaktieren Sie bitte unsere Kanzlei oder schreiben an\u00a0<a href=\"mailto:mkrieter@kanzlei-nrw.de\" target=\"_blank\" rel=\"noopener\">mkrieter@kanzlei-nrw.de\u00a0<\/a><\/div>\t\t\t\t\t\t\t\t<\/div>\n\t\t\t\t<div class=\"elementor-element elementor-element-93b036b elementor-widget elementor-widget-spacer\" data-id=\"93b036b\" data-element_type=\"widget\" data-widget_type=\"spacer.default\">\n\t\t\t\t\t\t\t<div class=\"elementor-spacer\">\n\t\t\t<div class=\"elementor-spacer-inner\"><\/div>\n\t\t<\/div>\n\t\t\t\t\t\t<\/div>\n\t\t\t\t<div class=\"elementor-element elementor-element-fd39228 elementor-widget elementor-widget-heading\" data-id=\"fd39228\" data-element_type=\"widget\" data-widget_type=\"heading.default\">\n\t\t\t\t\t<h2 class=\"elementor-heading-title elementor-size-default\">Herausgeber<\/h2>\t\t\t\t<\/div>\n\t\t\t\t\t<\/div>\n\t\t\t\t<\/div>\n\t\t<div class=\"elementor-element elementor-element-1f45dab e-grid e-con-boxed e-con e-parent\" data-id=\"1f45dab\" data-element_type=\"container\">\n\t\t\t\t\t<div class=\"e-con-inner\">\n\t\t\t\t<div class=\"elementor-element elementor-element-9d43030 elementor-widget elementor-widget-text-editor\" data-id=\"9d43030\" data-element_type=\"widget\" data-widget_type=\"text-editor.default\">\n\t\t\t\t\t\t\t\t\t<div id=\"1339405830\" class=\"u_1339405830 dmNewParagraph\"><h3>Andreas Kutschera<\/h3><p><br \/><br \/>Am Wickrather Tor 17 41179 M\u00f6nchengladbach<\/p><div>\u00a0<\/div><div>Tel.\u00a0<a href=\"tel:+492161561600\" target=\"_blank\" rel=\"noopener\">02161 \/ 477 698-0<\/a><\/div><div>Fax\u00a0<a href=\"tel:+492161561601\" target=\"_blank\" rel=\"noopener\">02161 \/ 477 698-<\/a>99<\/div><div>E-Mail:\u00a0<a href=\"mailto:moenchengladbach@kanzlei-nrw.de\" target=\"_blank\" rel=\"noopener\">moenchengladbach@kanzlei-nrw.de<\/a><\/div><div>USt ID DE 231759056<\/div><div>\u00a0<\/div><div>Erstzulassung:\u00a0<\/div><div>Landgericht M\u00f6nchengladbach unter dem Az 3712 E \u2013 571<\/div><div>Registrierungs-Nr.:<\/div><div>D-TOEK-BAFV2-21<\/div><div>Registerbeh\u00f6rde:<\/div><div>In\u00addus\u00adtrie- und Han\u00addels\u00adkam\u00admer Mitt\u00adle\u00adrer Nie\u00adder\u00adrhein<\/div><div>Bismarckstra\u00dfe 109, 41061 M\u00f6nchengladbach<\/div><div>Tel: 02161\/2410<\/div><div>https:\/\/www.ihk-krefeld.de\/<\/div><div><p>Gemeinsame Registerstelle gem. \u00a7 11a Abs. 1 und \u00a7 34 GewO:<\/p><p>DIHK | Deutscher Industrie- und Handelskammertag e.V., Breite Stra\u00dfe 29, D-10178 Berlin<\/p><p>Telefon (0 180) 60 05 85 0 (Festnetzpreis 0,20 \u20ac\/ Anruf; Mobilfunkpreise maximal 0,60 \u20ac\/Anruf)<\/p><p>E-Mail vr@dihk.de<\/p><\/div><\/div>\t\t\t\t\t\t\t\t<\/div>\n\t\t\t\t<div class=\"elementor-element elementor-element-96aa200 elementor-widget elementor-widget-text-editor\" data-id=\"96aa200\" data-element_type=\"widget\" data-widget_type=\"text-editor.default\">\n\t\t\t\t\t\t\t\t\t<div id=\"1339405830\" class=\"u_1339405830 dmNewParagraph\"><h3>Marco Krieter<\/h3><\/div><p>\u00a0<\/p><p>\u00a0<\/p><div id=\"1339405830\" class=\"u_1339405830 dmNewParagraph\"><div>Am Alten S\u00e4gewerk 6\u00a0\u00a044795 Bochum<\/div><div>\u00a0<\/div><div>Tel.\u00a0<a href=\"tel:+492344384846\" target=\"_blank\" rel=\"noopener\">0234 \/ 438 48 46<\/a><\/div><div>Fax\u00a0<a href=\"tel:+492344384845\" target=\"_blank\" rel=\"noopener\">0234 \/ 438 48 45<\/a><\/div><div>E-Mail:\u00a0<a href=\"mailto:bochum@kanzlei-nrw.de\" target=\"_blank\" rel=\"noopener\">bochum@kanzlei-nrw.de<\/a><\/div><div>Ust ID DE 219413691<\/div><div>\u00a0<\/div><div>Erstzulassung:\u00a0<\/div><div>Landgericht Bochum und M\u00f6nchengladbach unter dem Az 3712 E \u2013 566<\/div><div>Registrierungs-Nr.:<br \/>D-SBRB-4XRFF-82<br \/>Registerbeh\u00f6rde:<br \/>IHK Mitt\u00adle\u00adres Ruhr\u00adge\u00adbiet<\/div><div>Ostring 30-32, 44787 Bochum<\/div><div>TeL: 0234\/91130<\/div><div>https:\/\/netzn.de\/s\/ihk-mittleres-ruhrgebiet\/profil\/inhalte<\/div><div>Zulassung als Rentenberater in der betrieblichen Altersversorgung Landgericht Bochum unter dem Az 3712E \u2013 4\/2008<\/div><div>Gemeinsame Registerstelle gem. \u00a7 11a Abs. 1 und \u00a7 34 GewO:<br \/><br \/>DIHK | Deutscher Industrie- und Handelskammertag e.V., Breite Stra\u00dfe 29, D-10178 Berlin<br \/><br \/>Telefon (0 180) 60 05 85 0 (Festnetzpreis 0,20 \u20ac\/ Anruf; Mobilfunkpreise maximal 0,60 \u20ac\/Anruf)<br \/><br \/>E-Mail vr@dihk.de<\/div><\/div>\t\t\t\t\t\t\t\t<\/div>\n\t\t\t\t\t<\/div>\n\t\t\t\t<\/div>\n\t\t<div class=\"elementor-element elementor-element-9839d39 e-flex e-con-boxed e-con e-parent\" data-id=\"9839d39\" data-element_type=\"container\">\n\t\t\t\t\t<div class=\"e-con-inner\">\n\t\t\t\t<div class=\"elementor-element elementor-element-026c5c2 elementor-widget elementor-widget-spacer\" data-id=\"026c5c2\" data-element_type=\"widget\" data-widget_type=\"spacer.default\">\n\t\t\t\t\t\t\t<div class=\"elementor-spacer\">\n\t\t\t<div class=\"elementor-spacer-inner\"><\/div>\n\t\t<\/div>\n\t\t\t\t\t\t<\/div>\n\t\t\t\t<div class=\"elementor-element elementor-element-715909d elementor-widget elementor-widget-text-editor\" data-id=\"715909d\" data-element_type=\"widget\" data-widget_type=\"text-editor.default\">\n\t\t\t\t\t\t\t\t\t<div><b><span>T\u00e4tigkeit \/ Status\u00a0<\/span><\/b><\/div><div>Als Versicherungsberater gem. ehemaliger Zulassung nach Art. 1 \u00a7 1 RBerG (Rechtberatungsgesetz) und seit\u00a0 dem 23.02.2018<\/div><div>\u00a7 34d II GewO (Gewerbeordnung) bieten wir auch Beratungen an und werden ausschlie\u00dflich von unseren Kunden verg\u00fctet.<\/div><div>\u00a0<\/div><div>Rentenberater in der betrieblichen Altersversorgung gem. Art. 1 \u00a7 1 Abs. 1 Satz 2 Ziff 1 RberG und seit 01.07.2008 gem. \u00a7 10 Abs. 1 Satz 1 Nr.2 Rechtsdienstleistungsgesetz (RDG)\u00a0<\/div><div>\u00a0<\/div><div><b>T\u00e4tigkeitsgebiet<\/b><\/div><div>\u00dcberwiegend in Deutschland und gelegentlich in deutsch- sprachigen Anrainerstaaten.\u00a0<\/div><div>\u00a0<\/div><div><b>Berufshaftpflicht<\/b><\/div><div>Gegen Verm\u00f6genssch\u00e4den mit einer Deckungssumme: 1,5 Mio. EUR pro Schadensfall und 3 Mio. EUR f\u00fcr alle F\u00e4lle eines Jahres zusammen.\u00a0<\/div><div>\u00a0<\/div><div><b>Beteiligungen<\/b><\/div><div>Eine direkte oder indirekte Beteiligung an den Stimmrechten oder am Kapital eines Versicherungsunternehmens liegt nicht vor. Ebenso besitzt kein Versicherungsunternehmen eine direkte oder indirekte Beteiligung an den Stimmrechten oder am Kapital der Kanzlei.<\/div><div>\u00a0<\/div><div><b>Streitschlichtung<\/b><\/div><div>Versicherungsombudsmann (Versicherungsombudsmann e. V., PF 08 06 32, 10006 Berlin, Tel.: 030\/206058-0, www.versicherungsombudsmann.de), Ombudsmann f\u00fcr die Private Kranken- und Pflegeversicherung (OMBUDSMANN PKV und PPV, Postfach 06 02 22, 10052 Berlin, www.pkv-ombudsmann.de)<\/div>\t\t\t\t\t\t\t\t<\/div>\n\t\t\t\t\t<\/div>\n\t\t\t\t<\/div>\n\t\t\t\t<\/div>\n\t\t","protected":false},"excerpt":{"rendered":"<p>Hier finden Sie das Impressum der KKP Kanzleien in M\u00f6nchengladbach und Bochum Impressum und Disclaimer, sowie erforderliche Angaben gem\u00e4\u00df \u00a7\u00a7 5,6 TMG (Telemediengesetz).\u00a0 Diese Website enth\u00e4lt Informationen zum Gebiet Versicherungsrecht. Diese Inhalte erheben keinen Anspruch auf Vollst\u00e4ndigkeit und sind nicht als professionelle Rechtsberatung f\u00fcr Versicherungsfragen zu verstehen; eine Haftung wird insoweit ausgeschlossen. Bevor Sie aufgrund<\/p>\n","protected":false},"author":1,"featured_media":0,"parent":0,"menu_order":0,"comment_status":"closed","ping_status":"closed","template":"","meta":{"inline_featured_image":false,"footnotes":""},"class_list":["post-1390","page","type-page","status-publish","hentry"],"aioseo_notices":[],"_links":{"self":[{"href":"https:\/\/affectionate-beaver.83-171-239-27.plesk.page\/index.php\/wp-json\/wp\/v2\/pages\/1390","targetHints":{"allow":["GET"]}}],"collection":[{"href":"https:\/\/affectionate-beaver.83-171-239-27.plesk.page\/index.php\/wp-json\/wp\/v2\/pages"}],"about":[{"href":"https:\/\/affectionate-beaver.83-171-239-27.plesk.page\/index.php\/wp-json\/wp\/v2\/types\/page"}],"author":[{"embeddable":true,"href":"https:\/\/affectionate-beaver.83-171-239-27.plesk.page\/index.php\/wp-json\/wp\/v2\/users\/1"}],"replies":[{"embeddable":true,"href":"https:\/\/affectionate-beaver.83-171-239-27.plesk.page\/index.php\/wp-json\/wp\/v2\/comments?post=1390"}],"version-history":[{"count":4,"href":"https:\/\/affectionate-beaver.83-171-239-27.plesk.page\/index.php\/wp-json\/wp\/v2\/pages\/1390\/revisions"}],"predecessor-version":[{"id":1395,"href":"https:\/\/affectionate-beaver.83-171-239-27.plesk.page\/index.php\/wp-json\/wp\/v2\/pages\/1390\/revisions\/1395"}],"wp:attachment":[{"href":"https:\/\/affectionate-beaver.83-171-239-27.plesk.page\/index.php\/wp-json\/wp\/v2\/media?parent=1390"}],"curies":[{"name":"wp","href":"https:\/\/api.w.org\/{rel}","templated":true}]}}